19?
1
What is the greatest common divisor of 1425 and 380?
95
Calculate the greatest common factor of 12 and 12.
12
Calculate the highest common factor of 215 and 3397.
43
What is the highest common factor of 891 and 990?
99
Calculate the highest common divisor of 6 and 10.
2
Calculate the highest common divisor of 29 and 10237.
29
What is the greatest common factor of 86 and 28423?
43
What is the highest common factor of 6993 and 81?
27
What is the greatest common divisor of 90 and 100?
10
Calculate the greatest common factor of 301 and 63.
7
What is the greatest common factor of 55 and 15345?
55
What is the highest common divisor of 6 and 2802?
6
Calculate the highest common factor of 1104 and 10074.
138
What is the greatest common divisor of 732 and 18?
6
Calculate the greatest common divisor of 54 and 351.
27
Calculate the greatest common divisor of 104 and 392.
8
Calculate the greatest common factor of 12 and 8592.
12
What is the highest common factor of 680 and 1394?
34
What is the greatest common factor of 2254 and 56?
14
Calculate the greatest common factor of 3428 and 4.
4
Calculate the highest common divisor of 9202 and 1498.
214
What is the greatest common divisor of 70 and 80?
10
What is the greatest common factor of 144 and 40?
8
What is the highest common divisor of 918 and 16983?
459
Calculate the highest common factor of 27 and 63.
9
What is the highest common factor of 16940 and 726?
242
Calculate the greatest common divisor of 1645 and 70.
35
Calculate the greatest common divisor of 189 and 84.
21
What is the highest common divisor of 5336 and 88?
8
Calculate the highest common divisor of 295 and 10.
5
What is the highest common divisor of 238 and 34?
34
Calculate the highest common factor of 478 and 6.
2
What is the greatest common factor of 9 and 8631?
9
Calculate the greatest common factor of 2228 and 4.
4
Calculate the highest common divisor of 14 and 4.
2
Calculate the greatest common divisor of 768 and 1104.
48
Calculate the greatest common divisor of 187 and 11.
11
Calculate the greatest common factor of 28 and 28.
28
Calculate the highest common divisor of 148 and 56.
4
Calculate the highest common divisor of 88 and 4444.
44
What is the highest common factor of 2 and 11484?
2
What is the greatest common divisor of 84 and 324?
12
What is the highest common divisor of 230 and 138?
46
What is the highest common divisor of 3306 and 1254?
114
Calculate the highest common factor of 130 and 90.
10
What is the highest common factor of 80 and 70?
10
Calculate the greatest common factor of 8541 and 39.
39
Calculate the greatest common factor of 56 and 161.
7
What is the highest common factor of 598 and 46?
46
What is the greatest common divisor of 1098 and 18?
18
Calculate the highest common divisor of 11975 and 75.
25
Calculate the highest common divisor of 3698 and 86.
86
What is the greatest common factor of 692 and 1211?
173
What is the highest common divisor of 328 and 3116?
164
Calculate the greatest common divisor of 9 and 8.
1
What is the greatest common factor of 95 and 323?
19
What is the highest common factor of 4564 and 56?
28
What is the greatest common divisor of 1220 and 80?
20
What is the greatest common factor of 88 and 2695?
11
What is the highest common factor of 234 and 6354?
18
What is the highest common factor of 209 and 76?
19
Calculate the greatest common factor of 7426 and 158.
158
What is the highest common factor of 200 and 36?
4
What is the greatest common factor of 14306 and 46?
46
What is the highest common factor of 106 and 371?
53
Calculate the highest common divisor of 3036 and 9660.
276
Calculate the highest common factor of 76 and 22496.
76
What is the greatest common divisor of 23501 and 71?
71
What is the highest common divisor of 6001 and 68?
17
Calculate the highest common divisor of 688 and 592.
16
Calculate the highest common factor of 110 and 3230.
10
What is the highest common factor of 112 and 752?
16
Calculate the highest common factor of 144 and 23472.
144
Calculate the greatest common divisor of 4836 and 936.
156
What is the greatest common factor of 9 and 11979?
9
Calculate the highest common factor of 7999 and 19.
19
Calculate the highest common divisor of 152 and 20824.
152
What is the greatest common factor of 22 and 539?
11
What is the highest common factor of 292 and 4?
4
What is the greatest common divisor of 15423 and 159?
159
Calculate the greatest common divisor of 1012 and 88.
44
What is the highest common divisor of 4595 and 15?
5
Calculate the highest common factor of 14 and 574.
14
What is the highest common factor of 81 and 33?
3
What is the greatest common divisor of 249 and 3569?
83
What is the greatest common factor of 133 and 4541?
19
Calculate the highest common divisor of 8343 and 405.
81
What is the highest common divisor of 8 and 1128?
8
What is the greatest common factor of 19584 and 192?
192
Calculate the highest common divisor of 3 and 708.
3
What is the highest common factor of 3477 and 57?
57
Calculate the greatest common divisor of 122 and 3477.
61
Calculate the greatest common factor of 328 and 8.
8
What is the highest common divisor of 182 and 28?
14
What is the highest common factor of 4 and 8?
4
What is the greatest common factor of 3168 and 693?
99
Calculate the highest common factor of 121 and 209.
11
Calculate the greatest common divisor of 28 and 3052.
28
Calculate the highest common factor of 350 and 450.
50
What is the highest common divisor of 648 and 3483?
81
What is the highest common factor of 77 and 33?
11
What is the highest common factor of 2656 and 2988?
332
Calculate the greatest common factor of 299 and 23.
23
Calculate the greatest common divisor of 6 and 6.
6
What is the greatest common factor of 1188 and 6138?
198
Calculate the highest common divisor of 45 and 2529.
9
What is the greatest common divisor of 91 and 2730?
91
Calculate the highest common divisor of 20 and 1860.
20
Calculate the greatest common divisor of 156 and 12.
12
Calculate the greatest common divisor of 2 and 25.
1
Calculate the greatest common factor of 100 and 4150.
50
Calculate the greatest common divisor of 162 and 702.
54
What is the highest common factor of 5 and 55?
5
Calculate the highest common factor of 5 and 1010.
5
Calculate the highest common factor of 123 and 369.
123
What is the greatest common factor of 5763 and 51?
51
Calculate the greatest common divisor of 143 and 169.
13
Calculate the greatest common factor of 33 and 132.
33
What is the highest common factor of 2041 and 13?
13
What is the highest common factor of 135 and 510?
15
What is the greatest common factor of 1 and 2827?
1
Calculate the highest common factor of 124 and 372.
124
What is the highest common divisor of 34 and 1054?
34
What is the greatest common divisor of 511 and 637?
7
Calculate the greatest common factor of 6 and 22.
2
Calculate the greatest common divisor of 332 and 20.
4
What is the highest common factor of 1135 and 5?
5
What is the highest common divisor of 5895 and 90?
45
What is the highest common factor of 28 and 1316?
28
What is the greatest common divisor of 48 and 112?
16
What is the highest common divisor of 29 and 11629?
29
What is the highest common factor of 2 and 354?
2
What is the greatest common factor of 18 and 153?
9
What is the greatest common factor of 434 and 248?
62
Calculate the greatest common divisor of 585 and 450.
45
Calculate the greatest common divisor of 48 and 21392.
16
What is the greatest common divisor of 195 and 9?
3
Calculate the highest common divisor of 6 and 2.
2
What is the highest common factor of 255 and 153?
51
Calculate the greatest common factor of 5 and 85.
5
Calculate the highest common factor of 174 and 28362.
174
Calculate the highest common factor of 299 and 46.
23
Calculate the greatest common factor of 80 and 2560.
80
What is the highest common factor of 20 and 240?
20
Calculate the highest common factor of 7100 and 100.
100
What is the highest common divisor of 12 and 222?
6
Calculate the greatest common divisor of 51 and 357.
51
What is the greatest common factor of 3 and 187?
1
What is the greatest common divisor of 26 and 442?
26
Calculate the highest common factor of 153 and 1547.
17
What is the highest commo